{"id":2660,"date":"2020-06-06T04:00:57","date_gmt":"2020-06-06T08:00:57","guid":{"rendered":"https:\/\/blaumat.com\/?page_id=2660"},"modified":"2020-11-22T08:02:23","modified_gmt":"2020-11-22T12:02:23","slug":"politica-de-cookies","status":"publish","type":"page","link":"https:\/\/blaumat.com\/?page_id=2660","title":{"rendered":"POL\u00cdTICA DE COOKIES"},"content":{"rendered":"\n<h3 class=\"wp-block-heading\" id=\"queesunacookie\"><strong>\u00bfQu\u00e9 es una cookie?<\/strong><\/h3>\n\n\n\n<p>Una cookie es un fichero&nbsp;<strong>inofensivo<\/strong>&nbsp;que se descarga en tu ordenador al acceder a determinadas p\u00e1ginas web. Las cookies permiten a una p\u00e1gina web, entre otras cosas, almacenar y recuperar informaci\u00f3n sobre los h\u00e1bitos de navegaci\u00f3n de un usuario o de su equipo y, dependiendo de la informaci\u00f3n que contengan y de la forma en que utilice su equipo.<\/p>\n\n\n\n<p>As\u00ed, hay cookies que obtienen informaci\u00f3n relacionada con el n\u00famero de p\u00e1ginas visitadas, la ciudad a la que est\u00e1 asignada la direcci\u00f3n IP desde la que se accede, el n\u00famero de nuevos usuarios, la frecuencia y reincidencia de las visitas, el tiempo de visita, el navegador, el operador o el tipo de terminal desde el que se realiza la visita.<\/p>\n\n\n\n<h3 class=\"wp-block-heading\" id=\"quenoesunacookie\"><strong>\u00bfQu\u00e9 NO ES una&nbsp;<em>cookie<\/em>?<\/strong><\/h3>\n\n\n\n<p>No es un virus, ni un troyano, ni un gusano, ni spam, ni spyware, ni abre ventanas pop-up.<\/p>\n\n\n\n<h3 class=\"wp-block-heading\" id=\"queinformacion\"><strong>\u00bfQu\u00e9 informaci\u00f3n almacena una&nbsp;<em>cookie<\/em>?<\/strong><\/h3>\n\n\n\n<p>Las&nbsp;<em>cookies<\/em>&nbsp;no suelen almacenar informaci\u00f3n sensible sobre ti, como tarjetas de cr\u00e9dito o datos bancarios, fotograf\u00edas, tu DNI o informaci\u00f3n personal, etc. Los datos que guardan son de car\u00e1cter t\u00e9cnico, preferencias personales, personalizaci\u00f3n de contenidos, etc.<\/p>\n\n\n\n<p>El servidor web no te asocia como persona si no a tu navegador web. De hecho, si navegas habitualmente con Internet Explorer y pruebas a navegar por la misma web con Firefox o Chrome ver\u00e1s que la web no se da cuenta que eres la misma persona porque en realidad est\u00e1 asociando al navegador, no a la persona.<\/p>\n\n\n\n<h3 class=\"wp-block-heading\" id=\"queocurre\"><strong>\u00bfQu\u00e9 ocurre si desactivo las&nbsp;<em>cookies<\/em>?<\/strong><\/h3>\n\n\n\n<p>Para que entiendas el alcance que puede tener desactivar las&nbsp;<em>cookies<\/em>&nbsp;te mostramos unos ejemplos:<\/p>\n\n\n\n<ul><li>No podr\u00e1s compartir contenidos de esa web en Facebook, Twitter o cualquier otra red social.<\/li><li>El sitio web no podr\u00e1 adaptar los contenidos a tus preferencias personales, como suele ocurrir en las tiendas online.<\/li><li>No podr\u00e1s acceder al \u00e1rea personal de la web, como por ejemplo&nbsp;<em>Mi cuenta<\/em>, o&nbsp;<em>Mi perfil<\/em>&nbsp;o&nbsp;<em>Mis pedidos<\/em>.<\/li><li>Tiendas online: Te ser\u00e1 imposible realizar compras online, tendr\u00e1n que ser telef\u00f3nicas o visitando la tienda f\u00edsica si es que dispone de ella.<\/li><li>No ser\u00e1 posible personalizar tus preferencias geogr\u00e1ficas como franja horaria, divisa o idioma.<\/li><li>El sitio web no podr\u00e1 realizar anal\u00edticas web sobre visitantes y tr\u00e1fico en la web, lo que dificultar\u00e1 que la web sea competitiva.<\/li><li>No podr\u00e1s escribir en el blog, no podr\u00e1s subir fotos, publicar comentarios, valorar o puntuar contenidos. La web tampoco podr\u00e1 saber si eres un humano o una aplicaci\u00f3n automatizada que publica&nbsp;<em>spam<\/em>.<\/li><li>No se podr\u00e1 mostrar publicidad sectorizada, lo que reducir\u00e1 los ingresos publicitarios de la web.<\/li><li>Todas las redes sociales usan&nbsp;<em>cookies<\/em>, si las desactivas no podr\u00e1s utilizar ninguna red social.<\/li><\/ul>\n\n\n\n<h3 class=\"wp-block-heading\" id=\"quetiposdecookies\"><strong>\u00bfQu\u00e9 tipos de cookies hay?<\/strong><\/h3>\n\n\n\n<ol><li>Tipos de cookies seg\u00fan la entidad que gestione el equipo o dominio desde donde se env\u00edan las cookies y trate los datos que se obtengan, podemos distinguir:<\/li><\/ol>\n\n\n\n<ul><li>Cookies propias: Son aqu\u00e9llas que se env\u00edan al equipo terminal del usuario desde un equipo o dominio gestionado por el propio editor y desde el que se presta el servicio solicitado por el usuario.<\/li><li>Cookies de terceros: Son aqu\u00e9llas que se env\u00edan al equipo terminal del usuario desde un equipo o dominio que no es gestionado por el editor, sino por otra entidad que trata los datos obtenidos trav\u00e9s de las cookies.<\/li><\/ul>\n\n\n\n<p>En el caso de que las cookies sean instaladas desde un equipo o dominio gestionado por el propio editor pero la informaci\u00f3n que se recoja mediante \u00e9stas sea gestionada por un tercero, no pueden ser consideradas como cookies propias.<\/p>\n\n\n\n<h3 class=\"wp-block-heading\" id=\"cookiedart\"><strong>Cookie DART<\/strong><\/h3>\n\n\n\n<ul><li>Google, como proveedor asociado, utiliza cookies para publicar anuncios en infoblaumat@gmail.com.<\/li><li>Puedes inhabilitar el uso de la cookie de DART del sistema de anuncios de Google accediendo al&nbsp;<a href=\"http:\/\/www.doubleclick.com\/privacy\/faq.aspx\">centro de privacidad de Google<\/a>.<\/li><\/ul>\n\n\n\n<p>Adem\u00e1s, los navegadores pueden tambi\u00e9n permitir a los usuarios ver y borrar&nbsp;<em>cookies<\/em>&nbsp;individualmente.<\/p>\n\n\n\n<p>Dispones de m\u00e1s informaci\u00f3n sobre las&nbsp;<em>Cookies<\/em>&nbsp;en:&nbsp;<a href=\"http:\/\/es.wikipedia.org\/wiki\/Cookie\">Wikipedia<\/a><\/p>\n\n\n\n<h3 class=\"wp-block-heading\" id=\"webbeacons\"><strong>Web Beacons<\/strong><\/h3>\n\n\n\n<p>Este sitio puede albergar tambi\u00e9n&nbsp;<em>web beacons<\/em>&nbsp;(tambi\u00e9n conocidos como&nbsp;<em>web bugs<\/em>). Los&nbsp;<em>web beacons<\/em>&nbsp;suelen ser peque\u00f1as im\u00e1genes de un pixel por un pixel, visibles o invisibles colocados dentro del c\u00f3digo fuente de las p\u00e1ginas web de un sitio. Los&nbsp;<em>web beacons<\/em>&nbsp;sirven y se utilizan de una forma similar a las&nbsp;<em>cookies<\/em>. Adem\u00e1s, los&nbsp;<em>web beacons<\/em>&nbsp;suelen utilizarse para medir el tr\u00e1fico de usuarios que visitan una p\u00e1gina web y poder sacar un patr\u00f3n de los usuarios de un sitio.<\/p>\n\n\n\n<p>Dispones de m\u00e1s informaci\u00f3n sobre los&nbsp;<em>web beacons<\/em>&nbsp;en:&nbsp;<a href=\"http:\/\/es.wikipedia.org\/wiki\/Web_bug\">Wikipedia<\/a><\/p>\n\n\n\n<h3 class=\"wp-block-heading\" id=\"cookiesdeterceros\"><strong>Cookies de terceros<\/strong><\/h3>\n\n\n\n<p>En algunos casos, compartimos informaci\u00f3n sobre los visitantes de este sitio de forma an\u00f3nima o agregada con terceros como puedan ser anunciantes, patrocinadores o auditores con el \u00fanico fin de mejorar nuestros servicios. Todas estas tareas de procesamiento ser\u00e1n reguladas seg\u00fan las normas legales y se respetar\u00e1n todos sus derechos en materia de protecci\u00f3n de datos conforme a la regulaci\u00f3n vigente.<\/p>\n\n\n\n<p>Este sitio mide el tr\u00e1fico con diferentes soluciones que pueden utilizar&nbsp;<em>cookies<\/em>&nbsp;o&nbsp;<em>web beacons<\/em>&nbsp;para analizar lo que sucede en nuestras p\u00e1ginas. Actualmente utilizamos las siguientes soluciones para la medici\u00f3n del tr\u00e1fico de este sitio. Puedes ver m\u00e1s informaci\u00f3n sobre la pol\u00edtica de privacidad de cada una de las soluciones utilizadas para tal efecto:<\/p>\n\n\n\n<ul><li><a href=\"http:\/\/www.google.com\/intl\/es\/policies\/privacy\/partners\/\">C\u00f3mo usa Google los datos que recopila en los sitios web<\/a><\/li><li>Google (Analytics):&nbsp;<a href=\"http:\/\/www.google.com\/intl\/es_ALL\/privacypolicy.html\">Pol\u00edtica de Privacidad de Google Analytics<\/a>&nbsp;(<em>si lo deseas puedes inhabilitar el seguimiento de Google Analytics mediante&nbsp;<\/em><a href=\"https:\/\/tools.google.com\/dlpage\/gaoptout\"><em>este complemento para el navegador ofrecido por Google<\/em><\/a>)<\/li><\/ul>\n\n\n\n<p>Este sitio tambi\u00e9n puede albergar publicidad propia, de afiliados, o de redes publicitarias. Esta publicidad se muestra mediante servidores publicitarios que tambi\u00e9n utilizan&nbsp;<em>cookies<\/em>&nbsp;para mostrar contenidos publicitarios afines a los usuarios. Cada uno de estos servidores publicitarios dispone de su propia pol\u00edtica de privacidad, que puede ser consultada en sus propias p\u00e1ginas web.<\/p>\n\n\n\n<h3 class=\"wp-block-heading\" id=\"quetipos\"><strong>\u00bfQu\u00e9 tipos de cookies se utilizan en este sitio web?<\/strong><\/h3>\n\n\n\n<p>Al acceder a la web SecretosDeMezcla.com te informamos que si sigues navegando se te instalar\u00e1n diversas cookies propias y de terceros correspondientes a las anal\u00edticas de la web (a modo de ejemplo: Google Analytics o herramientas similares) para ayudar al sitio web a analizar el uso que haces del sitio web y mejorar la usabilidad del mismo, pero en ning\u00fan caso se asocian a datos que pudieran llegar a identificarte. Los datos que guardan son de car\u00e1cter t\u00e9cnico, preferencias personales, personalizaci\u00f3n de contenidos, etc. El servidor web no te asocia como persona sino a tu navegador web<\/p>\n\n\n\n<p>Esta web se utiliza cookies propias y de terceros para conseguir que tengas una mejor experiencia de navegaci\u00f3n, puedas compartir contenido en redes sociales, dejar comentarios y para obtener estad\u00edsticas de nuestros usuarios.<\/p>\n\n\n\n<p>Como usuario, puedes rechazar el tratamiento de los datos o la informaci\u00f3n bloqueando estas cookies mediante la configuraci\u00f3n apropiada de su navegador. Sin embargo, debes saber que si lo haces, este sitio puede no funcionar adecuadamente.<\/p>\n\n\n\n<p>Por eso es importante que leas la presente pol\u00edtica de cookies y comprendas que si contin\u00faas navegando, consideramos que aceptas su uso. Puedes cambiar la configuraci\u00f3n de tu navegador para ser avisado de la recepci\u00f3n de cookies en tu dispositivo o desactivar si lo deseas la capacidad de almacenar dichas cookies en tu dispositivo.<\/p>\n\n\n\n<p>A continuaci\u00f3n se incluye la siguiente tabla, \u00fanicamente como ejemplo, con identificaci\u00f3n de las cookies m\u00e1s relevantes utilizadas en este sitio web, as\u00ed como si son propias o de terceros (e identificaci\u00f3n del tercero contratado o cuyos servicios se han decidido utilizar) y su finalidad<\/p>\n\n\n\n<p>Actualmente este sitio web alberga publicidad de:<\/p>\n\n\n\n<ul><li>Google Adsense:&nbsp;<a href=\"http:\/\/www.google.es\/privacypolicy.html\">Pol\u00edtica de privacidad de Google Adsense<\/a>&nbsp;\u2013&nbsp;<a href=\"https:\/\/www.google.com\/adsense\/localized-terms\">T\u00e9rminos y condiciones<\/a>&nbsp;\u2013&nbsp;<a href=\"https:\/\/www.google.com\/adsense\/support\/bin\/answer.py?answer=48182&amp;sourceid=aso&amp;subid=ww-ww-et-asui&amp;medium=link\">Pol\u00edticas del programa<\/a><\/li><\/ul>\n\n\n\n<p>Tambi\u00e9n existen cookies correspondientes a las redes sociales que utiliza esta web tienen sus propias pol\u00edticas de cookies.<\/p>\n\n\n\n<ul><li>Cookie de Twitter, seg\u00fan lo dispuesto en su&nbsp;<a href=\"https:\/\/twitter.com\/privacy\">pol\u00edtica de privacidad y uso de cookies<\/a>.<\/li><li>Cookie de Facebook, seg\u00fan lo dispuesto en su&nbsp;<a href=\"https:\/\/www.facebook.com\/help\/cookies?ref_type=sitefooter\">pol\u00edtica de Cookies<\/a><\/li><li>Cookie de Google+ y Google Maps, seg\u00fan lo dispuesto en su p\u00e1gina sobre qu\u00e9&nbsp;<a href=\"http:\/\/www.google.com\/intl\/es\/policies\/technologies\/types\/\">tipo de cookies utilizan<\/a><\/li><li>Cookie de Pinterest, seg\u00fan lo dispuesto en su&nbsp;<a href=\"https:\/\/about.pinterest.com\/es\/privacy-policy\">Pol\u00edtica de privacidad y uso de cookies<\/a><\/li><li>Cookie de Gravatar, seg\u00fan lo dispuesto en&nbsp;<a href=\"http:\/\/automattic.com\/privacy\/\">la pol\u00edtica de privacidad de la empresa Automattic<\/a>.<\/li><\/ul>\n\n\n\n<h3 class=\"wp-block-heading\" id=\"comosegestionan\"><strong>\u00bfC\u00f3mo se gestionan las&nbsp;<em>cookies<\/em>?<\/strong><\/h3>\n\n\n\n<p>Puesto que las cookies son archivos de texto normales, se pueden explorar con la mayor\u00eda de editores de texto o programas de procesamiento de texto. Puedes hacer clic en una cookie para abrirla. A continuaci\u00f3n, se indica una lista de enlaces sobre c\u00f3mo ver cookies en diferentes navegadores. Si utilizas otro navegador, consulte la informaci\u00f3n sobre cookies en el propio navegador. Si utilizas un tel\u00e9fono m\u00f3vil, consulta el manual del dispositivo para obtener m\u00e1s informaci\u00f3n.<\/p>\n\n\n\n<ul><li>Firefox:&nbsp;<a href=\"https:\/\/support.mozilla.org\/en-US\/kb\/cookies-information-websites-store-on-your-computer\">https:\/\/support.mozilla.org\/en-US\/kb\/cookies-information-websites-store-on-your-computer<\/a><\/li><li>Chrome:&nbsp;<a href=\"https:\/\/support.google.com\/chrome\/bin\/answer.py?hl=en&amp;answer=95647&amp;topic=14666&amp;ctx=topic\">https:\/\/support.google.com\/chrome\/bin\/answer.py?hl=en&amp;answer=95647&amp;topic=14666&amp;ctx=topic<\/a><\/li><li>Internet Explorer 8-10:&nbsp;<a href=\"http:\/\/windows.microsoft.com\/en-US\/internet-explorer\/delete-manage-cookies\">http:\/\/windows.microsoft.com\/en-US\/internet-explorer\/delete-manage-cookies<\/a><\/li><li>Safari:&nbsp;<a href=\"http:\/\/support.apple.com\/kb\/ph5042\">http:\/\/support.apple.com\/kb\/ph5042<\/a><\/li><li>Opera:&nbsp;<a href=\"http:\/\/help.opera.com\/Windows\/12.00\/es-ES\/cookies.html\">http:\/\/help.opera.com\/Windows\/12.00\/es-ES\/cookies.html<\/a><\/li><\/ul>\n\n\n\n<h3 class=\"wp-block-heading\" id=\"configuraciondecookies\"><strong>Configuraci\u00f3n de&nbsp;<em>cookies<\/em>&nbsp;para los navegadores m\u00e1s populares<\/strong><\/h3>\n\n\n\n<p>A continuaci\u00f3n te indicamos c\u00f3mo acceder a una&nbsp;<em>cookie<\/em>&nbsp;determinada del navegador&nbsp;<strong>Chrome<\/strong>. Nota: estos pasos pueden variar en funci\u00f3n de la versi\u00f3n del navegador:<\/p>\n\n\n\n<ol><li>Ve a Configuraci\u00f3n o Preferencias mediante el men\u00fa Archivo o bien pinchando el icono de personalizaci\u00f3n que aparece arriba a la derecha.<\/li><li>Ver\u00e1s diferentes secciones, pincha la opci\u00f3n&nbsp;<em>Mostrar opciones avanzadas<\/em>.<\/li><li>Ve a&nbsp;<em>Privacidad<\/em>,&nbsp;<em>Configuraci\u00f3n de contenido<\/em>.<\/li><li>Selecciona&nbsp;<em>Todas las cookies y los datos de sitios<\/em>.<\/li><li>Aparecer\u00e1 un listado con todas las&nbsp;<em>cookies<\/em>&nbsp;ordenadas por dominio. Para que te sea m\u00e1s f\u00e1cil encontrar las&nbsp;<em>cookies<\/em>&nbsp;de un determinado dominio introduzca parcial o totalmente la direcci\u00f3n en el campo&nbsp;<em>Buscar cookies<\/em>.<\/li><li>Tras realizar este filtro aparecer\u00e1n en pantalla una o varias l\u00edneas con las&nbsp;<em>cookies<\/em>&nbsp;de la web solicitada. Ahora s\u00f3lo tienes que seleccionarla y pulsar la&nbsp;<em>X<\/em>&nbsp;para proceder a su eliminaci\u00f3n.<\/li><\/ol>\n\n\n\n<p>Para acceder a la configuraci\u00f3n de&nbsp;<em>cookies<\/em>&nbsp;del navegador&nbsp;<strong>Internet Explorer<\/strong>&nbsp;sigue estos pasos (pueden variar en funci\u00f3n de la versi\u00f3n del navegador):<\/p>\n\n\n\n<ol><li>Ve a&nbsp;<em>Herramientas<\/em>,&nbsp;<em>Opciones de Internet<\/em><\/li><li>Haz clic en&nbsp;<em>Privacidad<\/em>.<\/li><li>Mueve el deslizador hasta ajustar el nivel de privacidad que desees.<\/li><\/ol>\n\n\n\n<p>Para acceder a la configuraci\u00f3n de&nbsp;<em>cookies<\/em>&nbsp;del navegador&nbsp;<strong>Firefox<\/strong>&nbsp;sigue estos pasos (pueden variar en funci\u00f3n de la versi\u00f3n del navegador):<\/p>\n\n\n\n<ol><li>Ve a&nbsp;<em>Opciones<\/em>&nbsp;o&nbsp;<em>Preferencias<\/em>&nbsp;seg\u00fan tu sistema operativo.<\/li><li>Haz clic en&nbsp;<em>Privacidad<\/em>.<\/li><li>En&nbsp;<em>Historial<\/em>&nbsp;elige&nbsp;<em>Usar una configuraci\u00f3n personalizada para el historial<\/em>.<\/li><li>Ahora ver\u00e1s la opci\u00f3n&nbsp;<em>Aceptar cookies<\/em>, puedes activarla o desactivarla seg\u00fan tus preferencias.<\/li><\/ol>\n\n\n\n<p>Para acceder a la configuraci\u00f3n de&nbsp;<em>cookies<\/em>&nbsp;del navegador&nbsp;<strong>Safari para OSX<\/strong>&nbsp;sigue estos pasos (pueden variar en funci\u00f3n de la versi\u00f3n del navegador):<\/p>\n\n\n\n<ol><li>Ve a&nbsp;<em>Preferencias<\/em>, luego&nbsp;<em>Privacidad<\/em>.<\/li><li>En este lugar ver\u00e1s la opci\u00f3n&nbsp;<em>Bloquear cookies<\/em>&nbsp;para que ajuste el tipo de bloqueo que deseas realizar.<\/li><\/ol>\n\n\n\n<p>Para acceder a la configuraci\u00f3n de&nbsp;<em>cookies<\/em>&nbsp;del navegador&nbsp;<strong>Safari para iOS<\/strong>&nbsp;sigue estos pasos (pueden variar en funci\u00f3n de la versi\u00f3n del navegador):<\/p>\n\n\n\n<ol><li>Ve a&nbsp;<em>Ajustes<\/em>, luego&nbsp;<em>Safari<\/em>.<\/li><li>Ve a&nbsp;<em>Privacidad y Seguridad<\/em>, ver\u00e1s la opci\u00f3n&nbsp;<em>Bloquear cookies<\/em>&nbsp;para que ajuste el tipo de bloqueo que deseas realizar.<\/li><\/ol>\n\n\n\n<p>Para acceder a la configuraci\u00f3n de&nbsp;<em>cookies<\/em>&nbsp;del navegador para dispositivos&nbsp;<strong>Android<\/strong>&nbsp;sigue estos pasos (pueden variar en funci\u00f3n de la versi\u00f3n del navegador):<\/p>\n\n\n\n<ol><li>Ejecuta el navegador y pulsa la tecla&nbsp;<em>Men\u00fa<\/em>, luego&nbsp;<em>Ajustes<\/em>.<\/li><li>Ve a&nbsp;<em>Seguridad y Privacidad<\/em>, ver\u00e1s la opci\u00f3n&nbsp;<em>Aceptar cookies<\/em>&nbsp;para que active o desactive la casilla.<\/li><\/ol>\n\n\n\n<p>Para acceder a la configuraci\u00f3n de&nbsp;<em>cookies<\/em>&nbsp;del navegador para dispositivos&nbsp;<strong>Windows Phone<\/strong>&nbsp;sigue estos pasos (pueden variar en funci\u00f3n de la versi\u00f3n del navegador):<\/p>\n\n\n\n<ol><li>Abre&nbsp;<em>Internet Explorer<\/em>, luego&nbsp;<em>M\u00e1s<\/em>, luego&nbsp;<em>Configuraci\u00f3n<\/em><\/li><li>Ahora puedes activar o desactivar la casilla&nbsp;<em>Permitir cookies<\/em>.<\/li><\/ol>\n\n\n\n<h3 class=\"wp-block-heading\" id=\"donottrack\"><strong>Do Not Track<\/strong><\/h3>\n\n\n\n<p>Blaumat ha adecuado el sitio web al est\u00e1ndar&nbsp;<a href=\"http:\/\/donottrack.us\/\">Do Not Track<\/a>&nbsp;para garantizar mayor privacidad a los usuarios que hayan&nbsp;<a href=\"http:\/\/dnt.mozilla.org\/\">activado dicha opci\u00f3n en su navegador<\/a>.<\/p>\n\n\n\n<p>Este sitio web excluye autom\u00e1ticamente del seguimiento de Google Analytics a los usuarios que env\u00eden la&nbsp;<a href=\"https:\/\/ayudawp.com\/rgpd-google-analytics-y-wordpress-tengo-que-hacer-algo-al-respecto\/\">cabecera Do Not Track<\/a>, y es compatible con la aceptaci\u00f3n expresa de las mismas.<\/p>\n\n\n\n<p>Si tienes un navegador compatible con este protocolo puedes activarlo para evitar el seguimiento por parte de los sitios web. En Google Chrome, por ejemplo, est\u00e1 en&nbsp;<em>Configuraci\u00f3n &gt; Avanzada &gt; Privacidad y Seguridad &gt; Enviar una solicitud de no seguimiento con tu tr\u00e1fico de navegaci\u00f3n<\/em>.<\/p>\n\n\n\n<p><em>Si lo deseas puedes inhabilitar el seguimiento de Google Analytics mediante&nbsp;<\/em><a href=\"https:\/\/tools.google.com\/dlpage\/gaoptout\"><em>este complemento para el navegador ofrecido por Google<\/em><\/a>.<\/p>\n\n\n\n<h3 class=\"wp-block-heading\" id=\"notasadicionales\"><strong>Notas adicionales<\/strong><\/h3>\n\n\n\n<ul><li>Ni esta web ni sus representantes legales se hacen responsables ni del contenido ni de la veracidad de las pol\u00edticas de privacidad que puedan tener los terceros mencionados en esta pol\u00edtica de&nbsp;<em>cookies<\/em>.<\/li><li>Los navegadores web son las herramientas encargadas de almacenar las&nbsp;<em>cookies<\/em>&nbsp;y desde este lugar debe efectuar su derecho a eliminaci\u00f3n o desactivaci\u00f3n de las mismas. Ni esta web ni sus representantes legales pueden garantizar la correcta o incorrecta manipulaci\u00f3n de las&nbsp;<em>cookies<\/em>&nbsp;por parte de los mencionados navegadores.<\/li><li>En algunos casos es necesario instalar&nbsp;<em>cookies<\/em>&nbsp;para que el navegador no olvide tu decisi\u00f3n de no aceptaci\u00f3n de las mismas.<\/li><li>En el caso de las&nbsp;<em>cookies<\/em>&nbsp;de Google Analytics, esta empresa almacena las&nbsp;<em>cookies<\/em>&nbsp;en servidores ubicados en Estados Unidos y se compromete a no compartirla con terceros, excepto en los casos en los que sea necesario para el funcionamiento del sistema o cuando la ley obligue a tal efecto. Seg\u00fan Google no guarda su direcci\u00f3n IP. Google Inc. es una compa\u00f1\u00eda adherida al Acuerdo de Puerto Seguro que garantiza que todos los datos transferidos ser\u00e1n tratados con un nivel de protecci\u00f3n acorde a la normativa europea.<\/li><li>Para cualquier duda o consulta acerca de esta pol\u00edtica de&nbsp;<em>cookies<\/em>&nbsp;no dudes en comunicarte con nosotros a trav\u00e9s de la secci\u00f3n de contacto.<\/li><\/ul>\n","protected":false},"excerpt":{"rendered":"<p>\u00bfQu\u00e9 es una cookie? Una cookie es un fichero&nbsp;inofensivo&nbsp;que se descarga en tu ordenador al acceder a determinadas p\u00e1ginas web. Las cookies permiten a una p\u00e1gina web, entre otras cosas, almacenar y recuperar informaci\u00f3n sobre los h\u00e1bitos de navegaci\u00f3n de un usuario o de su equipo y, dependiendo de la informaci\u00f3n que contengan y de [&hellip;]<\/p>\n","protected":false},"author":1,"featured_media":2662,"parent":0,"menu_order":0,"comment_status":"closed","ping_status":"closed","template":"","meta":{"jetpack_post_was_ever_published":false,"footnotes":""},"jetpack_sharing_enabled":true,"jetpack_shortlink":"https:\/\/wp.me\/PacTbF-GU","jetpack-related-posts":[],"_links":{"self":[{"href":"https:\/\/blaumat.com\/index.php?rest_route=\/wp\/v2\/pages\/2660"}],"collection":[{"href":"https:\/\/blaumat.com\/index.php?rest_route=\/wp\/v2\/pages"}],"about":[{"href":"https:\/\/blaumat.com\/index.php?rest_route=\/wp\/v2\/types\/page"}],"author":[{"embeddable":true,"href":"https:\/\/blaumat.com\/index.php?rest_route=\/wp\/v2\/users\/1"}],"replies":[{"embeddable":true,"href":"https:\/\/blaumat.com\/index.php?rest_route=%2Fwp%2Fv2%2Fcomments&post=2660"}],"version-history":[{"count":7,"href":"https:\/\/blaumat.com\/index.php?rest_route=\/wp\/v2\/pages\/2660\/revisions"}],"predecessor-version":[{"id":2767,"href":"https:\/\/blaumat.com\/index.php?rest_route=\/wp\/v2\/pages\/2660\/revisions\/2767"}],"wp:featuredmedia":[{"embeddable":true,"href":"https:\/\/blaumat.com\/index.php?rest_route=\/wp\/v2\/media\/2662"}],"wp:attachment":[{"href":"https:\/\/blaumat.com\/index.php?rest_route=%2Fwp%2Fv2%2Fmedia&parent=2660"}],"curies":[{"name":"wp","href":"https:\/\/api.w.org\/{rel}","templated":true}]}}