{"id":2656,"date":"2020-06-06T03:43:30","date_gmt":"2020-06-06T07:43:30","guid":{"rendered":"https:\/\/blaumat.com\/?page_id=2656"},"modified":"2020-06-07T05:13:19","modified_gmt":"2020-06-07T09:13:19","slug":"aviso-legal","status":"publish","type":"page","link":"https:\/\/blaumat.com\/?page_id=2656","title":{"rendered":"Aviso Legal"},"content":{"rendered":"\n<h1 class=\"wp-block-heading\">Aviso Legal<\/h1>\n\n\n\n<p>1.- Informaci\u00f3n legal y aceptaci\u00f3n<\/p>\n\n\n\n<p>Para dar cumplimiento a lo previsto en la Ley 34\/2002 de Servicios de la Sociedad de la Informaci\u00f3n y de Comercio Electr\u00f3nico y dem\u00e1s normativa aplicable, a continuaci\u00f3n se indican los datos de informaci\u00f3n general de este sitio web:<\/p>\n\n\n\n<p>Titular: Blaumat(en adelante, El Titular)<\/p>\n\n\n\n<p>Direcci\u00f3n: Av. Vidal i Barraquer n\u00ba 22 local B 43005 Tarragona<\/p>\n\n\n\n<p>Contacto email: infoblaumat@gmail.com<\/p>\n\n\n\n<p>Toda persona que acceda a este sitio web, incluyendo las p\u00e1ginas web que lo integran (en adelante \u201cblaumat.com\u201d) asume el papel de usuario o cliente \u201cUsuario\u201d o \u201cUsuarios\u201d), comprometi\u00e9ndose a la observancia y cumplimiento riguroso de las disposiciones aqu\u00ed dispuestas, as\u00ed como a cualesquiera otra disposici\u00f3n legal que fuera de aplicaci\u00f3n.<\/p>\n\n\n\n<p>2.- Propiedad intelectual e industrial<\/p>\n\n\n\n<p>Todos los contenidos del Sitio Web, entendiendo por estos a t\u00edtulo meramente enunciativo, los textos, fotograf\u00edas, gr\u00e1ficos, im\u00e1genes, iconos, tecnolog\u00eda, software, links y dem\u00e1s contenidos audiovisuales o sonoros, as\u00ed como su dise\u00f1o gr\u00e1fico y c\u00f3digos fuente (en adelante, los \u201cContenidos\u201d), son propiedad intelectual de El Titular o de terceros, sin que puedan entenderse cedidos al Usuario ninguno de los derechos de explotaci\u00f3n reconocidos por la normativa vigente en materia de propiedad intelectual sobre los mismos, salvo aquellos que resulten estrictamente necesarios para el uso del Sitio Web.<\/p>\n\n\n\n<p>La violaci\u00f3n de los anteriores derechos ser\u00e1 perseguida conforme a la legislaci\u00f3n vigente.<\/p>\n\n\n\n<p>3.- Condiciones de uso del sitio web<\/p>\n\n\n\n<p>3.1 General<\/p>\n\n\n\n<p>El Usuario se obliga a hacer un uso correcto del Sitio Web de conformidad con la Ley y las presentes condiciones.<\/p>\n\n\n\n<p>Queda expresamente prohibido el uso del Sitio Web con fines lesivos de bienes o intereses de El Titular o de terceros o que de cualquier otra forma sobrecarguen, da\u00f1en o inutilicen las redes, servidores y dem\u00e1s equipos inform\u00e1ticos (hardware) o productos y aplicaciones inform\u00e1ticas (software).<\/p>\n\n\n\n<p>3.2 Recogida de datos<\/p>\n\n\n\n<p>Sin perjuicio de lo dispuesto en el aviso legal espec\u00edfico en materia de pol\u00edtica de privacidad y protecci\u00f3n de datos, accesible desde el Sitio Web y que pudiera resultar aplicable en cada momento, la posibilidad de contactar con El Titular de forma on-line est\u00e1 condicionada a la previa cumplimentaci\u00f3n del correspondiente registro de Usuario.<\/p>\n\n\n\n<p>Toda la informaci\u00f3n que facilite el Usuario a trav\u00e9s de los formularios del Sitio Web a los efectos anteriores, o cualesquiera otros, deber\u00e1 ser veraz. A estos efectos, el Usuario garantiza la autenticidad de todos aquellos datos que comunique y mantendr\u00e1 la informaci\u00f3n facilitada a El Titular perfectamente actualizada de forma que responda, en todo momento, a la situaci\u00f3n real del Usuario. En todo caso ser\u00e1 el Usuario el \u00fanico responsable de las manifestaciones falsas o inexactas que realice y de los perjuicios que cause a El Titular o a terceros por la informaci\u00f3n que facilite.<\/p>\n\n\n\n<p>3.3 Introducci\u00f3n de enlaces al Sitio Web<\/p>\n\n\n\n<p>El usuario de Internet que quiera introducir enlaces desde sus propias p\u00e1ginas web al Sitio Web de El Titular deber\u00e1 solicitar autorizaci\u00f3n expresa para ello.<\/p>\n\n\n\n<p>Est\u00e1 prohibida la utilizaci\u00f3n de cualquier marca denominativa, gr\u00e1fica o mixta o cualquier otro signo distintivo de El Titular dentro de la p\u00e1gina del remitente salvo en los casos expresamente autorizados por El Titular.<\/p>\n\n\n\n<p>4.- Exclusi\u00f3n de responsabilidad<\/p>\n\n\n\n<p>4.1 De la Informaci\u00f3n<\/p>\n\n\n\n<p>El acceso al Sitio Web no implica la obligaci\u00f3n por parte de El Titular de comprobar la veracidad, exactitud, adecuaci\u00f3n, idoneidad, exhaustividad y actualidad de la informaci\u00f3n suministrada a trav\u00e9s del mismo.<\/p>\n\n\n\n<p>En este sentido, El Titular no garantiza que los contenidos del website vayan a estar permanentemente actualizados, ni que carezcan de cualquier clase de error, por lo que El Titular no se responsabiliza por cualquier da\u00f1o y\/o perjuicio y\/o beneficio dejado de obtener por el Usuario o por cualquier tercero que se vea perjudicado a consecuencia de los mismos.<\/p>\n\n\n\n<p>4.2 De la calidad del servicio<\/p>\n\n\n\n<p>El acceso al Sitio Web no implica la obligaci\u00f3n por parte de El Titular de controlar la ausencia de virus, gusanos o cualquier otro elemento inform\u00e1tico da\u00f1ino. Corresponde al Usuario, en todo caso, la disponibilidad de herramientas adecuadas para la detecci\u00f3n y desinfecci\u00f3n de programas inform\u00e1ticos da\u00f1inos.<\/p>\n\n\n\n<p>El Titular no se responsabiliza de los da\u00f1os producidos en los equipos inform\u00e1ticos de los Usuarios o de terceros durante la prestaci\u00f3n del servicio del Sitio Web.<\/p>\n\n\n\n<p>4.3 De la disponibilidad del Servicio<\/p>\n\n\n\n<p>El acceso al Sitio Web requiere de servicios y suministros de terceros, incluidos el transporte a trav\u00e9s de redes de telecomunicaciones cuya fiabilidad, calidad, continuidad y funcionamiento depende de terceros. Por consiguiente, los servicios prove\u00eddos a trav\u00e9s del Sitio Web pueden ser suspendidos, cancelados o resultar inaccesibles, con car\u00e1cter previo o simult\u00e1neo a la prestaci\u00f3n del servicio del Sitio Web.<\/p>\n\n\n\n<p>El Titular no se responsabiliza de los da\u00f1os o perjuicios de cualquier tipo producidos en el Usuario que traigan causa de fallos o desconexiones en las redes de telecomunicaciones que produzcan la suspensi\u00f3n, cancelaci\u00f3n o interrupci\u00f3n del servicio del Sitio Web durante la prestaci\u00f3n del mismo o con car\u00e1cter previo.<\/p>\n\n\n\n<p>5.- Protecci\u00f3n de datos personales<\/p>\n\n\n\n<p>De conformidad con lo dispuesto en la Ley Org\u00e1nica 15\/1999, de 13 de diciembre de Protecci\u00f3n de Datos de Car\u00e1cter Personal, le INFORMAMOS que los datos personales recogidos en esta p\u00e1gina web ser\u00e1n incorporados y tratados en un fichero informatizado cuya finalidad es mantenerle informado de promociones y productos (en caso de que lo haya solicitado expresamente en el formulario de registro) o identificarle en las operaciones de venta on-line. El destinatario y responsable del fichero es El Titular. La respuesta a todas las preguntas es voluntaria pero la omisi\u00f3n o la negativa de aportar algunos de los datos solicitados puede impedir que se cumpla con la finalidad mencionada.<br>El interesado autoriza expresamente a El Titular a fin de que le env\u00ede comunicaciones por escrito o en forma electr\u00f3nica. El interesado podr\u00e1 ejercitar los derechos de acceso, rectificaci\u00f3n, cancelaci\u00f3n y oposici\u00f3n ante el responsable del tratamiento, dirigi\u00e9ndose a la siguiente direcci\u00f3n de correo electr\u00f3nico: infoblaumat@gmail.com.<\/p>\n\n\n\n<p>6.- Legislaci\u00f3n aplicable y jurisdicci\u00f3n competente<\/p>\n\n\n\n<p>El Usuario acepta que la legislaci\u00f3n aplicable al funcionamiento de este servicio es la espa\u00f1ola, puesto que El Titular desarrolla desde Espa\u00f1a su actividad y se somete a la jurisdicci\u00f3n de los Juzgados y Tribunales del lugar de domicilio del consumidor para la resoluci\u00f3n de las divergencias que se deriven de la interpretaci\u00f3n o aplicaci\u00f3n de este clausulado.<\/p>\n","protected":false},"excerpt":{"rendered":"<p>Aviso Legal 1.- Informaci\u00f3n legal y aceptaci\u00f3n Para dar cumplimiento a lo previsto en la Ley 34\/2002 de Servicios de la Sociedad de la Informaci\u00f3n y de Comercio Electr\u00f3nico y dem\u00e1s normativa aplicable, a continuaci\u00f3n se indican los datos de informaci\u00f3n general de este sitio web: Titular: Blaumat(en adelante, El Titular) Direcci\u00f3n: Av. Vidal i [&hellip;]<\/p>\n","protected":false},"author":1,"featured_media":2657,"parent":0,"menu_order":0,"comment_status":"closed","ping_status":"closed","template":"","meta":{"jetpack_post_was_ever_published":false,"footnotes":""},"jetpack_sharing_enabled":true,"jetpack_shortlink":"https:\/\/wp.me\/PacTbF-GQ","jetpack-related-posts":[],"_links":{"self":[{"href":"https:\/\/blaumat.com\/index.php?rest_route=\/wp\/v2\/pages\/2656"}],"collection":[{"href":"https:\/\/blaumat.com\/index.php?rest_route=\/wp\/v2\/pages"}],"about":[{"href":"https:\/\/blaumat.com\/index.php?rest_route=\/wp\/v2\/types\/page"}],"author":[{"embeddable":true,"href":"https:\/\/blaumat.com\/index.php?rest_route=\/wp\/v2\/users\/1"}],"replies":[{"embeddable":true,"href":"https:\/\/blaumat.com\/index.php?rest_route=%2Fwp%2Fv2%2Fcomments&post=2656"}],"version-history":[{"count":2,"href":"https:\/\/blaumat.com\/index.php?rest_route=\/wp\/v2\/pages\/2656\/revisions"}],"predecessor-version":[{"id":2659,"href":"https:\/\/blaumat.com\/index.php?rest_route=\/wp\/v2\/pages\/2656\/revisions\/2659"}],"wp:featuredmedia":[{"embeddable":true,"href":"https:\/\/blaumat.com\/index.php?rest_route=\/wp\/v2\/media\/2657"}],"wp:attachment":[{"href":"https:\/\/blaumat.com\/index.php?rest_route=%2Fwp%2Fv2%2Fmedia&parent=2656"}],"curies":[{"name":"wp","href":"https:\/\/api.w.org\/{rel}","templated":true}]}}